. Give g(z).
10
Let w(l) be the second derivative of 0 - 1/20*l**5 + 0*l**2 + 1/3*l**3 - 6*l + 1/12*l**4. Calculate w(-2).
8
Let o(y) = -y**3 - 8*y**2 + 8*y + 1. Let l(d) = 6*d + 68. Let g be l(-7). Suppose -10 = 4*m + g. Determine o(m).
10
Let y(l) = -14*l - 28*l**2 + 4*l**2 + 10*l**2 + 17*l**2 + 5. What is y(4)?
-3
Let j be (19 - 4)*((-36)/(-15) - 2). Let w(t) = -t + 16. Calculate w(j).
10
Let c(w) = -w - 1. Suppose 4*v - 3*v = 0. Let g be v + (-7)/(21/(-9)). Suppose -a + 16 = 3*a, g*x + 34 = 4*a. Determine c(x).
5
Let k(i) = 4*i**3 + 21*i**2 + 16*i + 31. Let x(o) = 7*o**3 + 42*o**2 + 34*o + 63. Let u(z) = 5*k(z) - 3*x(z). Determine u(-20).
6
Let x(n) = n**3 - 6*n**2 + 6*n + 3. Let u be 16 - (2 - 14)/(-4). Suppose -u*b = -19 - 46. Determine x(b).
8
Suppose 0 = -2*g - g + 6. Let f(w) = -w - 2*w + 3 + g - 2. Calculate f(4).
-9
Let f be (-1 - (-22)/10)*5. Let a(m) = 7*m + 2 + 0*m + 0 + 2*m**2 - 2*m - 3*m**2. Determine a(f).
-4
Let x(t) = -2 - 14*t - 15*t + 45*t - 15*t. What is x(6)?
4
Suppose -3*t = 5*o + 14, -16 = 7*o - 3*o. Suppose 0 = t*n + 2 - 4. Let i(b) = 2*b**2. Give i(n).
2
Let a(t) = 4*t + t**2 - 3226 + 3230 + t. Calculate a(-5).
4
Let h(g) be the second derivative of g**4/4 - g**3/6 + g**2 + g - 144. Calculate h(-2).
16
Let g(l) = 7*l. Let b(q) = 3*q - 26*q + 12*q. Let v(k) = 5*b(k) + 8*g(k). Calculate v(7).
7
Suppose 5*j + 29 = -x, -24*x + 8 = -2*j - 28*x. Let t(m) = -m**2 - 6*m - 5. Give t(j).
-5
Let r be 209/95 + 1/(-5). Let l(o) = 2*o**2 - 2*o + 3. Determine l(r).
7
Let a(g) = -g**3 + 0 + 8*g - 9*g - g**2 - 3 + 1 - g. Calculate a(-2).
6
Let f(n) = n**3 - 16*n**2 + 4*n - 361. Let y be f(17). Let j(t) = -t**3 - 4*t**2 - 1. Determine j(y).
-1
Let x(t) = 4*t**2 - 4*t. Let r = 20 - 13. Let u(f) = 9*f**2 - 7*f. Let i(b) = r*x(b) - 3*u(b). What is i(6)?
-6
Let o = -858 - -864. Let a(h) = -h**2 + 10*h - 23. What is a(o)?
1
Let z(x) = 3*x**3 + x**2 - x - 1. Let a(m) = -5*m + 99. Let p be a(20). Give z(p).
-2
Let s(d) be the second derivative of d**3/6 - 9*d. Let g(z) = 14*z + 8. Let y(f) = -g(f) + 12*s(f). What is y(-6)?
4
Let v be (-4)/7*14/(-4). Let g(f) = 8*f + 0*f**2 + 5*f**2 + 6*f**2 - 12*f**v. Give g(6).
12
Let c = 236 - 235. Let z(g) = -17*g**3 - 3*g**2 + g + 2. Let n(v) = 34*v**3 + 7*v**2 - 2*v - 5. Let a(y) = -3*n(y) - 7*z(y). Give a(c).
17
Let p(v) = -8*v - 2. Suppose -d + 6*d + 565 = 0. Let i = d - -110. Determine p(i).
22
Let l(f) = -5 + f**3 - 10*f - 9 + 3 + 7*f**2. Let m be l(-8). Let z(d) = -d**2 + 2*d + 1. Give z(m).
-14
Let u(c) = c + 4*c**2 - c**3 + 2 - c. Suppose 2*i = -5*j + 29, 0 = 2*i - 2*j + 3 + 3. Let w be -12*2/(-4) - i. Determine u(w).
2
Let a(c) = -c**2 - 8*c + 66. Let b be a(-13). Let s(t) = 17*t**3 - 2*t**2 + t. Calculate s(b).
16
Let r = 25 - 18. Let b(z) = 1 + z**2 - r - 2 + 0*z**2. Let s be 2/6 + 2/(-6). What is b(s)?
-8
Suppose 3*d - 13 = 14. Let s(q) = 15 - 2*q**2 - q**3 - 5 - d. Let f be s(0). Let i(c) = -3*c**3 + 2*c**2 - 2*c + 1. What is i(f)?
-2
Let z(m) = -m**2 + 5*m - 7. Let o(s) = s**2 + 5*s + 3. Let f be o(-2). Let r be (f - (-2 - 2))*8. Suppose -6*a = -r*a + 10. What is z(a)?
-7
Let g(c) be the third derivative of -c**7/840 + c**6/45 + 3*c**5/40 + 5*c**4/24 + 7*c**3/6 - 31*c**2. Let i(l) be the first derivative of g(l). Calculate i(9).
5
Let o(b) = -b**2 - 21*b - 4 + 2*b**2 + 12 + 10*b - 4. Determine o(9).
-14
Let n(f) = -2*f**2 - 2*f**2 - 8*f - 5*f**2 + 6 + 8*f**2. Suppose 5*p + 46 = 3*c, 5*p = -4*c - 7 - 25. Determine n(p).
6
Let r be 192/9*15/10. Let u(k) = r*k - 33*k + 11 - 2. What is u(4)?
5
Let l(a) = -a**3 + 5*a**2 - a - 1. Let d be l(2). Let b(k) = 3*k**2 + 46*k + 16. Let t(n) = -2*n**2 - 26*n - 8. Let c(v) = -3*b(v) - 5*t(v). Determine c(d).
1
Let l be (2 + (-32)/20)*(-10)/(-3). Let f(v) be the second derivative of -6*v - 1/12*v**4 + 0 - 5*v**2 + l*v**3. What is f(7)?
-3
Suppose -138 + 126 = 2*b. Let l(g) be the second derivative of g**3/2 - 4*g**2 - 5*g. Calculate l(b).
-26
Suppose -3*a + 21 = 15. Let s(f) = 4*f**2 + 3 - 64*f - f**2 + 62*f - a*f**3. Suppose -l = -3*z + 10, -4*z + 16 = -0*z. Determine s(l).
-5
Let m(z) = -z - 8*z + 2 - z**3 + 3*z**2 + 11*z. Suppose 4*x + 30 = 2*w, -x + 0*w = -2*w. Let f = 14 + x. Calculate m(f).
-6
Let l = 1147 - 1143. Let q(x) = 3*x - 6. What is q(l)?
6
Let w(c) = c - 2. Let f be w(-3). Let v be -1 + f/(5/(-2)). Let i(x) = -4 - v + 2 - 5*x + 2*x. Give i(-2).
3
Let n(y) = -3*y - 1. Suppose 2*z = 6*z. Suppose -4*j + z = -4. Determine n(j).
-4
Suppose -m + 3 = -4*m. Let w = m - 0. Let t(s) = -1. Let l(i) = i + 1. Let g(b) = w*l(b) + 6*t(b). Calculate g(-4).
-3
Let l(r) = -2*r. Let o(g) = -g**3 - 37*g**2 + g + 38. Let z be o(-37). Give l(z).
-2
Let a(y) = 290*y**3 - 289*y**3 + 0*y + 5*y**2 + y. Let d be (3/2)/((-6)/16). Give a(d).
12
Let s(b) = -b**2 - b + 7. Suppose 9 = -a - 0. Let u(l) = 4*l**2 + 3*l - 28. Let g(k) = a*s(k) - 2*u(k). Determine g(-5).
3
Let j(g) = -g**3 - g**2 - g + 2. Suppose 2*i = -0*i - i. Let p(n) = -n - 6. Let d be p(-8). Let h = d - i. Determine j(h).
-12
Let h(v) = 4 + 2 - 2*v - 2 - 2. Let l = 8 - 6. Determine h(l).
-2
Let w = 39 - 37. Let b(f) = 0*f + w*f + 1 - 9*f + 2*f. What is b(-1)?
6
Let y(r) = 28*r**2 + 7*r - 10. Let q(m) = 55*m**2 + 12*m - 17. Let s(t) = -3*q(t) + 5*y(t). Calculate s(1).
-25
Let p(o) be the first derivative of -o**4/4 - 2*o**3 - 3*o**2 - 5*o + 20. Let i(g) = -g**3 - 8*g**2 + g + 4. Let c be i(-8). Determine p(c).
-13
Let l(o) be the first derivative of o**2/2 + 12*o + 5. Let b be l(-10). Let x(k) = 8*k - 2*k + b*k + 0*k. Determine x(1).
8
Let a(o) = -2*o - 4. Suppose -4 = 129*n - 133*n. Determine a(n).
-6
Let q(i) = i**2 - i + 2. Let p(d) = -6*d**2 + d - 7. Let j(g) = -p(g) - 4*q(g). Suppose 15 = -3*b, 0*f - 3*f - 4*b = 29. Let y = f - 0. Give j(y).
8
Let o(j) = j**3 + 23*j**2 - 49*j + 26. Suppose 2*n = 4*x + 106, -3*n - 28 = -37. Determine o(x).
1
Let u(d) = d**2 + 7*d - 1. Let y(o) = 4*o**3 - 37*o**2 + 7*o + 13. Let w be y(9). Let f(a) = -a**3 + 4*a**2 - a + 2. Let n be f(4). Let v = w + n. What is u(v)?
-1
Suppose -4*p = 5*u - 20, -u - 7*p + 5*p = -4. Let l(t) = -t + 1 - 2 + 3. Calculate l(u).
-2
Let j = -8 + 7. Let b(y) be the second derivative of -y**3/6 + 32*y. Calculate b(j).
1
Let c = -13 - -23. Suppose x + 4 = c. Let g(a) = -a**2 - 11*a + 8*a + 7*a + x. Determine g(6).
-6
Suppose -3*l - 5*l + 80 = 0. Let d(j) = j**3 - 10*j**2 - 2*j + 14. Calculate d(l).
-6
Let r(t) = -t**2 + t. Let k(q) = 6*q**2 - 9*q + 1. Let o(a) = -k(a) - 5*r(a). What is o(4)?
-1
Suppose -20*c + 25*c = -30. Let g(m) be the third derivative of -m**4/24 - 11*m**3/6 - 7*m**2 + 4. What is g(c)?
-5
Let w(z) = 6*z + 4. Let g(s) = -3*s - 2. Let c(v) = 8*g(v) + 5*w(v). Calculate c(5).
34
Let k(l) = 10*l - 3*l - 5*l**3 - l**2 + 3*l**2 + 2. Let i(h) = -6*h**3 + 3*h**2 + 8*h + 3. Let g(w) = 6*i(w) - 7*k(w). Let j = 158 + -154. Calculate g(j).
0
Let o(g) = -2*g - 4*g + 4 - 8 + 4*g. Let c = -10 - -3. Let b(n) = 5*n + 7. Let z(v) = c*o(v) - 3*b(v). Give z(3).
4
Let x(m) = 3 + 21*m**2 + 8*m**2 - 4*m**3 + 5*m**3 - 18*m**2 + 13*m. What is x(-10)?
-27
Let g(z) = 2*z**3 - 15*z**2 - 10*z - 9. Let i(v) = -2*v**3 + 18*v**2 + 12*v + 11. Let n(t) = 6*g(t) + 5*i(t). What is n(-1)?
-1
Let x(v) = -10*v**3 + 17*v**2 + 28*v - 9. Let a(g) = -3*g**3 + 6*g**2 + 9*g - 2. Let o(j) = 7*a(j) - 2*x(j). Determine o(9).
-14
Let q(m) = 2*m + 6. Suppose -10 = 61*z - 66*z. Suppose t - 3*o - 9 = 0, -z*t + 4*t + 4*o - 8 = 0. What is q(t)?
18
Let v(l) = l**3 - 5*l**2 + 2. Suppose 0*q + 80 = -5*q. Let b = 21 + q. Suppose 15 = -b*w, -o - w + 12 = 2*o. Calculate v(o).
2
Let d(i) = 3*i - 7 - 12*i + 3*i - i**2. Let o be (-6)/(-4) - 65/(-10). Suppose -2*n - 2 = o, -2*u - 4*n - 32 = 0. What is d(u)?
-7
Let l(d) be the second derivative of -2*d**3/3 + 3*d**2/2 + d. Let m(q) = q**2 + 39*q + 251. Let j be m(-31). What is l(j)?
-9
Let z be ((-14)/(-5) - (-2)/10)*1. Let q(w) = 2*w + 7*w + z - 2*w - 6*w. What is q(3)?
6
Let a(y) = -y**3 + 7*y**2 - 2*y + 10. Let c = 69 - 62. Calculate a(c).
-4
Let k(d) = d**3 - 3*d**2 - 4*d - 1. Suppose 0 = 3*m + m + 40. Let t = m - -12. Let s be (4/(-8) - -2)*t. Give k(s).
-13
Let g(m) = -4*m - 2. Let t(a) = 1. Let v(s) = g(s) - t(s). Give v(-6).
21
Let n(z) = -z**3 - 5*z**2 + z + 7. Suppose -7 = 12*l + 53. Calculate n(l).
2
Let l(y) be the first de